h + 170883. Give s(20).
3
Let c(v) = 559*v + 7633. Calculate c(-14).
-193
Let c(l) = -3539*l**2 + 3662*l - 11. Determine c(1).
112
Let l(a) = -566*a - 6372. What is l(-11)?
-146
Let l(s) = 2026*s + 24283. Determine l(-12).
-29
Let h(s) = 5526*s - 88448. What is h(16)?
-32
Let v(k) = -517*k**2 + 149933*k - 823. What is v(290)?
47
Let t(x) = -x**3 - 83*x**2 - 369*x + 1660. Calculate t(-78).
22
Let g(y) = 2*y**3 + 41*y**2 - 11*y - 807. Determine g(-18).
1011
Let d(w) = 639959*w + 12159221. Give d(-19).
0
Let v(u) = -4*u**3 - 36*u**2 + 1028*u + 9247. Determine v(-9).
-5
Let o(n) = -288*n + 16999. What is o(59)?
7
Let k(z) = -z**3 - 30*z**2 - 20*z + 48. Calculate k(-9).
-1473
Let r(s) = -s**3 - 295*s**2 + 870*s - 7118. Calculate r(-298).
34
Let o(i) = 18*i**3 - 8*i**2 - 48*i + 293. Give o(5).
2103
Let f(n) = -2*n**3 + 23*n**2 - 166*n + 1084. What is f(10)?
-276
Let z(b) = 28*b**3 - 8*b**2 + 11*b + 93. Calculate z(-4).
-1871
Let f(r) = 47198*r**2 + 94397*r + 8. What is f(-2)?
6
Let j(z) = z**3 - 8*z**2 - 2986*z + 17952. Calculate j(6).
-36
Let n(l) = -5*l**2 - 125*l + 56. Calculate n(-25).
56
Let c(f) = f**3 - 75*f**2 + 627*f - 82145. What is c(80)?
15
Let h(m) = -302*m**2 - 784*m + 784. Calculate h(1).
-302
Let m(j) = -253*j + 36361. Give m(144).
-71
Let j(w) = -w**2 + 16020*w + 787373. Give j(-49).
-8
Let y(m) = 3*m**2 + 914*m - 512050. Give y(288).
14
Let l(x) = 7*x**3 - 93*x**2 - 68*x + 15. Calculate l(14).
43
Let c(d) = d**3 + 58*d**2 - 173*d - 656. Determine c(-61).
-1266
Let z(f) = f**3 - 14*f**2 - 51*f + 885. Give z(12).
-15
Let l(t) = 656*t**2 - 4705*t - 6. Determine l(7).
-797
Let q(l) = -133*l + 11504. Give q(81).
731
Let f(k) = -2*k**3 - 116*k**2 - 345*k - 706. Determine f(-55).
119
Let m(t) = 2*t**2 - 251538*t - 1509301. Give m(-6).
-1
Let f(p) = p**2 - 869*p + 69342. Determine f(89).
-78
Let d(i) = -i**2 + 1501*i + 57461. Calculate d(-37).
555
Let j(z) = -z**2 + 1210*z - 363076. Determine j(656).
348
Let v(s) = 4*s**3 - 149*s**2 + 42*s - 192. Give v(37).
-7
Let j(n) = n**2 - 213*n - 32481. What is j(-103)?
67
Let b(v) = 5411*v + 97436. Determine b(-18).
38
Let t(f) = f**2 + 154*f - 1876. What is t(-166)?
116
Let t(y) = -5*y**2 - 5168*y - 30933. Give t(-6).
-105
Let q(m) = 38*m**2 + 6084*m + 665. What is q(-160)?
25
Let h(m) = 9*m - 187. Determine h(72).
461
Let u(z) = -z**3 + 10*z**2 - 117*z + 117. Calculate u(0).
117
Let x(y) = -y**3 - 14*y**2 + 1179*y + 15508. Calculate x(-13).
12
Let b(o) = -28*o**2 + 7219*o + 1288. Calculate b(258).
-2
Let z(f) = -1022*f**3 - 8*f**2 - 12*f - 5. Determine z(-1).
1021
Let u(p) = 3*p**3 - 132*p**2 - 8989*p + 69. Calculate u(-37).
-5
Let o(w) = -18*w**2 + 26190*w - 208369. Determine o(1447).
-1
Let s(k) = -13*k**2 - 77*k + 2078. Determine s(-16).
-18
Let o(v) = -7*v**3 - 509*v**2 + 157*v + 785. What is o(-73)?
-18
Let y(n) = -2*n**3 - 55*n**2 - 66*n - 757. Give y(-28).
1875
Let d(z) = z**2 - 944*z + 114552. Give d(143).
9
Let x(j) = 57*j**2 - 2819*j + 3928. Determine x(48).
-56
Let q(z) = 10144*z - 213018. Calculate q(21).
6
Let s(v) = -51*v - 2923. Give s(-65).
392
Let l(u) = -5542*u**2 + 31*u + 25. Determine l(-1).
-5548
Let r(q) = -2*q**2 + 7*q - 87. Determine r(13).
-334
Let h(l) = 8*l**3 + 73*l**2 - 34*l - 194. Calculate h(-9).
193
Let q(j) = 9577*j + 9683. Determine q(-1).
106
Let z(i) = 37409*i - 261834. Calculate z(7).
29
Let a(n) = -n**2 + 67866*n - 271443. Calculate a(4).
5
Let t(q) = q**3 - 502*q**2 + 4922*q - 984. What is t(492)?
0
Let c(t) = -315*t**2 - 4747*t - 181. Determine c(-15).
149
Let f(n) = 109*n + 1169. Give f(-11).
-30
Let x(s) = 775*s - 18632. Give x(24).
-32
Let m(h) = 4*h**2 + 329*h - 1666. Calculate m(5).
79
Let a(d) = -41403*d + 993662. Determine a(24).
-10
Let c(w) = -93*w - 19561. Determine c(-212).
155
Let v(f) = 3*f**2 + 90*f + 608. What is v(36)?
7736
Let s(m) = -4*m**3 + 46*m**2 - 902*m + 6321. Calculate s(8).
1
Let t(y) = -3*y**3 - 10*y**2 - 407*y - 5041. What is t(-9)?
-1
Let s(m) = 32359*m - 32354. Determine s(1).
5
Let y(o) = 9106*o - 54569. Give y(6).
67
Let l(h) = 5*h**3 - 54*h**2 + 1629*h - 7421. Determine l(5).
-1
Let q(i) = 653*i**2 - 1927*i - 14. What is q(3)?
82
Let m(y) = 2*y**2 - 9476*y - 324499. Give m(-34).
-3
Let j(t) = 3*t**2 - 69*t + 408. Calculate j(7).
72
Let b(n) = -5*n**3 + 96*n**2 + 253*n - 5263. Calculate b(19).
-95
Let d(o) = 41627*o - 874219. Determine d(21).
-52
Let y(r) = -r**3 - 308*r**2 - 5771*r - 2. What is y(-20)?
218
Let n(f) = -13*f**3 - f**2 + 449*f - 448. What is n(1)?
-13
Let l(a) = 3*a**3 + 334*a**2 + 5357*a + 1937. Give l(-92).
5
Let m(p) = 2*p**3 - 5*p**2 - 96*p - 183. What is m(9)?
6
Let g(x) = -3*x**3 - 201*x**2 + 1819*x - 22. Determine g(8).
130
Let v(i) = -2*i**3 + 10*i**2 - 16*i + 53. What is v(9)?
-739
Let j(p) = 3*p**3 - 3750*p**2 - 11252*p. Determine j(-3).
-75
Let g(s) = -s**3 - 6*s**2 + 81*s - 569. Determine g(-14).
-135
Let y(w) = -2*w**3 + 32*w**2 + 117*w + 1947. Determine y(21).
-6
Let v(c) = 1321*c - 19705. Determine v(15).
110
Let c(i) = -83*i**2 - 173*i + 1087. Give c(-5).
-123
Let t(g) = 258*g**2 - 10802*g - 67. Calculate t(42).
1361
Let x(j) = j**2 - 306*j - 7371. Determine x(-22).
-155
Let t(i) = 8*i**3 - 9195*i**2 + 3399*i + 55154. Give t(1149).
2
Let u(h) = -6*h**2 - 369*h - 6562. Determine u(-23).
-1249
Let n(l) = l**3 + 28*l**2 + 128*l + 2908. Determine n(-27).
181
Let k(n) = 755*n - 31423. What is k(41)?
-468
Let l(y) = -30*y**2 + 363*y - 114. Determine l(12).
-78
Let j(m) = -m**3 + 1234*m**2 - 59323*m + 145637. Determine j(1184).
5
Let w(o) = -4167*o - 8287. What is w(-2)?
47
Let g(l) = -l**2 - 424*l + 12268. What is g(27)?
91
Let w(o) = -o**3 + 55*o**2 - 5*o - 608. Give w(55).
-883
Let x(i) = 4*i**3 - 2934*i**2 + 1388*i + 57172. Calculate x(733).
-2
Let u(y) = -26532*y + 106428. Determine u(4).
300
Let r(x) = -3*x**3 + 96*x**2 - 97*x - 229. Give r(31).
-353
Let r(x) = -x**2 - 72*x - 1138. Determine r(-57).
-283
Let y(u) = -112*u + 690. Calculate y(9).
-318
Let q(u) = -151*u**2 + 1498*u + 2998. What is q(-2)?
-602
Let c(r) = r**2 - 176*r + 4377. Determine c(24).
729
Let f(k) = -7610*k + 37716. What is f(5)?
-334
Let w(m) = m**2 + 92*m + 99. Give w(-21).
-1392
Let k(v) = -v**2 - 627*v - 89933. Give k(-213).
-1751
Let m(l) = l**3 + 12*l**2 + 10*l - 128. What is m(-9)?
25
Let x(u) = 4584*u + 18556. Give x(-4).
220
Let j(u) = -u**2 - 31435*u - 4848403. Give j(-155).
-3
Let n(l) = -10*l**2 + 12*l - 108. Determine n(6).
-396
Let p(s) = 311*s**2 - 96125*s + 8030. Give p(309).
-4
Let j(a) = 325*a + 17741. What is j(-57)?
-784
Let m(y) = 43*y**2 - 777*y - 2640. Determine m(21).
6
Let g(i) = 57*i - 1719. Give g(31).
48
Let g(l) = 13*l**2 - 8022*l - 847260. Determine g(709).
-5
Let k(m) = 27923*m + 139616. Determine k(-5).
1
Let h(r) = -8*r**2 + 132*r - 433. Give h(18).
-649
Let w(o) = 2*o**2 - 177290*o + 709151. Give w(4).
23
Let d(a) = -4092*a + 208638. Determine d(51).
-54
Let t(w) = 16*w**3 - 18*w**2 - 77*w + 87. Calculate t(1).
8
Let c(b) = b**2 - 1208*b + 10944. What is c(9)?
153
Let q(i) = 149*i**2 - 574*i - 58. Give q(5).
797
Let g(d) = -139072*d - 556611. Determine g(-4).
-323
Let g(y) = 427619*y - 2565710. Calculate g(6).
4
Let j(r) = -489*r + 47450. Determine j(97).
17
Let a(z) = -4*z**3 + 321*z**2 - 4428*z - 978. What is a(18)?
-6
Let v(q) = -q**3 + 25*q**2 + 192*q - 2237. Determine v(29).
-33
Let f(b) = -3035*b - 32861. Give f(-11).
524
Let c(d) = 49*d**3 + 1570*d**2 + 60*d - 172. Calculate c(-32).
-44
Let i(f) = f**3 + 4*f**2 - 7*f + 207. Determine i(-8).
7
Let d(o) = o**2 + 8046*o - 519051. Give d(64).
-11
Let p(d) = d**3 - 16*d**2 + 54*d + 139. Determine p(13).
334
Let u(i) = -i**2 - 36896*i + 147599. Calculate u(4).
-1
Let g(t) = 3*t**3 - 2*t**2 + 4*t - 86. What is g(6)?
514
Let z(x) = 1866*x - 80716. Determine z(43).
-478
Let m(c) = 343*c**2 + 197*c + 25. Calculate m(-3).
2521
Let u(l) = -28*l**3 - 617*l**2 - 29*l - 97. Give u(-22).
57
Let s(y) = -634*y + 87261. Determine s(137).
403
Let z(l) = 182*l + 21407. What is z(-119)?
-251
Let t(k) = k**2 - 855*k + 31841. Give t(39).
17
Let g(w) = -w**2 - 110*w + 1167. Give g(13).
-432
Let j(p) = 76266*p - 4652217. Give j(61).
9
Let p(l) = l**3 + 212*l**2 - 2920*l + 55149. Calculate p(-226).
5
Let q(h) = -57*h**2 + 1626*h + 2491. What is q(30)?
-29
Le